e 4) in base 12?
37313b9
What is -1d15a (base 16) in base 7?
-1004214
24850 (base 12) to base 6
1021340
18c689 (base 13) to base 2
10011001001001001000
Convert 583d59 (base 15) to base 3.
21221010220110
Convert 1000001100010010111011 (base 2) to base 7.
24152656
What is 1212112001221 (base 3) in base 14?
1bc572
Convert -260240 (base 7) to base 14.
-13790
164535 (base 8) to base 9
100848
What is -1755825 (base 10) in base 4?
-12230222301
Convert -100000000011011111101 (base 2) to base 13.
-2aa124
What is 20131534 (base 7) in base 6?
55455221
-2002130003 (base 4) to base 2
-10000010011100000011
Convert -231434 (base 7) to base 11.
-290aa
Convert 37118 (base 14) to base 4.
200320102
-3058694 (base 12) to base 8
-42477320
What is 151a122 (base 11) in base 5?
1131324122
-2b6807 (base 12) to base 9
-1343327
Convert -6198b (base 13) to base 16.
-2ac5f
What is -111002222221 (base 3) in base 4?
-333000100
What is -633104 (base 7) in base 8?
-325107
-24082548 (base 9) to base 10
-11746097
102123323 (base 5) to base 4
1220023121
What is -211221121011121 (base 3) in base 15?
-110d77a
780841 (base 10) to base 8
2765051
What is -232018 (base 9) in base 2?
-100001111111111000
What is -11100100100100110 (base 2) in base 14?
-30914
Convert 5054335 (base 7) to base 15.
bd49a
Convert 100011001100111 (base 2) to base 7.
103355
-12330616 (base 7) to base 10
-1116772
Convert 103333221230 (base 4) to base 13.
1116968
What is -223333524 (base 6) in base 9?
-7618437
-238265 (base 9) to base 2
-100011000111011010
Convert -8631b (base 14) to base 2.
-1001111001100110101
Convert 3348 (base 12) to base 4.
1120220
What is 11220536 (base 8) in base 2?
1001010010000101011110
167196 (base 12) to base 2
1011110001001000010
-1005252 (base 7) to base 2
-11101001011001011
232141 (base 5) to base 2
10000011100101
Convert 5da6 (base 14) to base 8.
40036
Convert -94841 (base 10) to base 8.
-271171
17298c (base 13) to base 8
2147343
Convert 100210121110 (base 3) to base 13.
69a56
Convert 300113525 (base 6) to base 7.
60625301
223877 (base 10) to base 11
143225
331145222 (base 6) to base 13
12cc57b
-1082549 (base 10) to base 12
-442585
What is -2220101002 (base 3) in base 9?
-86332
What is -110001110011101110101 (base 2) in base 6?
-54552033
What is 55505530 (base 7) in base 11?
2783312
-661221 (base 8) to base 2
-110110001010010001
912bb1 (base 13) to base 10
3376595
What is -2032356 (base 9) in base 12?
-4435b9
Convert 10000111111100001 (base 2) to base 3.
10112110211
What is -17b6237 (base 12) in base 11?
-2892534
What is -1220022011122 (base 3) in base 14?
-1c3ddc
What is -420420510 (base 6) in base 7?
-116103264
Convert -52b969 (base 15) to base 8.
-17012136
Convert a84011 (base 13) to base 4.
33010122030
What is 3002302332 (base 5) in base 13?
12b7836
What is -85314c (base 14) in base 4?
-101023122000
-a5b464 (base 13) to base 7
-44661610
Convert -13100242034 (base 5) to base 15.
-1618099
65d7bc (base 14) to base 4
31023303222
Convert -171212 (base 10) to base 9.
-280765
261800 (base 9) to base 14
41c5b
Convert 68a847 (base 11) to base 16.
10c023
11753136 (base 8) to base 2
1001111101011001011110
What is -203454525 (base 7) in base 9?
-24453646
Convert 102330103 (base 4) to base 15.
17ec7
Convert -1652871 (base 9) to base 13.
-2630cb
Convert 189150 (base 12) to base 5.
102233401
What is 9747a0 (base 11) in base 4?
11330123103
What is 6051b8 (base 16) in base 8?
30050670
Convert 1041913 (base 11) to base 5.
432120214
Convert -18727b (base 13) to base 2.
-10010110010010110000
What is -32c36 (base 13) in base 2?
-10110011111110110
Convert -2a92aa0 (base 11) to base 8.
-24132647
65323 (base 10) to base 4
33330223
-189183 (base 12) to base 7
-3442101
-20213 (base 11) to base 14
-aa9c
What is 981cd6 (base 15) in base 16?
6e8f53
Convert 321244415 (base 6) to base 13.
1235642
100000111100011000 (base 2) to base 4
200330120
Convert 41cb6 (base 15) to base 5.
23134441
7175023 (base 10) to base 16
6d7b6f
What is 5573 (base 12) in base 6?
111423
Convert -1206265 (base 7) to base 4.
-211131322
What is -1524538 (base 10) in base 9?
-2773241
-100572 (base 8) to base 10
-33146
Convert 12440141 (base 5) to base 13.
4482b
-12201110331 (base 4) to base 2
-110100001010100111101
Convert 1121111101112 (base 3) to base 16.
d1042
What is -1607818 (base 11) in base 14?
-51773d
Convert -1c271 (base 16) to base 7.
-660122
What is 203021033 (base 5) in base 9?
1503786
-31241345 (base 6) to base 13
-25a11a
Convert 321300110 (base 4) to base 2.
111001110000010100
-16c3d89 (base 14) to base 10
-11228373
-3c3724 (base 16) to base 14
-74a20c
What is 363895 (base 10) in base 3?
200111011121
a23b96 (base 12) to base 5
1122133144
-10952 (base 13) to base 14
-adb7
What is 30abb8 (base 12) in base 10?
765500
What is -1272126 (base 8) in base 5?
-42414322
Convert -102162 (base 10) to base 7.
-603564
14444242 (base 6) to base 9
847078
-316212 (base 7) to base 9
-83376
What is -2a4526 (base 11) in base 10?
-474469
Convert 46560 (base 14) to base 5.
20434232
-33513001 (base 6) to base 2
-11111001001010111001
What is 3938138 (base 10) in base 16?
3c175a
What is -76521 (base 9) in base 16?
-c625
What is 12eed (base 15) in base 14?
181d2
What is -99507 (base 16) in base 6?
-21243143
What is -10334633 (base 7) in base 11?
-553338
What is 413882 (base 10) in base 14?
aab90
What is 34532564 (base 7) in base 11?
1792083
443398 (base 10) to base 11
28314a
What is -1c8c56c (base 13) in base 16?
-918a40
What is b8e8 (base 16) in base 7?
255002
Convert -1131033212 (base 4) to base 12.
-165032
Convert -30011321322 (base 4) to base 12.
-108a536
What is 10112201011101 (base 3) in base 15?
2732a4
Convert -1100001101111101 (base 2) to base 9.
-75575
Convert 110122020123 (base 4) to base 11.
302451a
-404300031 (base 5) to base 9
-3060860
-2732985 (base 11) to base 12
-16b6572
What is -e453 (base 16) in base 13?
-207b3
-2b7dc (base 16) to base 14
-48cc4
Convert 101111001001001100111110 (base 2) to base 6.
1120515034
What is 2021003132 (base 4) in base 3?
1001112001122
120000221020 (base 3) to base 13
a4907
Convert -311242155 (base 6) to base 3.
-101010200010122
1785463 (base 15) to base 9
35206653
What is -124660 (base 8) in base 4?
-22212300
Convert -14521 (base 14) to base 9.
-76121
124e7 (base 15) to base 12
29a24
23256515 (base 7) to base 14
3b44b5
What is -211101320 (base 5) in base 11?
-54a9a7
What is 1125a82 (base 13) in base 2?
10100000110001000100101
100205421 (base 6) to base 10
1696405
201332313111 (base 4) to base 3
121202120211000
Convert 2030000311 (base 4) to base 11.
361968
What is -10a7611 (base 11) in base 5?
-443144101
Convert 24b48 (base 16) to base 7.
1164215
What is bb5bd2 (base 14) in base 16?
60f70c
-146565 (base 8) to base 16
-cd75
1232335245 (base 6) to base 4
312323033231
Convert -41a47 (base 14) to base 5.
-20032211
Convert -11000001001010000111001 (base 2) to base 14.
-baa8c1
12660243 (base 8) to base 11
1671912
-2c287 (base 13) to base 10
-83935
Convert 446073 (base 10) to base 9.
748806
What is -1032033241 (base 5) in base 8?
-10362017
94895 (base 10) to base 8
271257
Convert -8a054 (base 16) to base 14.
-10a04c
-100100000001110100001001 (base 2) to base 15
-c68612
Convert 111953 (base 10) to base 13.
3bc5a
-4865aa (base 11) to base 6
-24301003
What is 47b1bb (base 12) in base 8?
4331137
What is 30213465 (base 7) in base 5?
1120223131
Convert -549196 (base 16) to base 10.
-5542294
-a39a1 (base 16) to base 13
-1a6022
-12296 (base 16) to base 3
-10210001012
What is 2020143212 (base 5) in base 4?
33201103031
What is 4046b (base 13) in base 11?
79454
-147722 (base 9) to base 8
-261547
Convert -4301234 (base 6) to base 9.
-350374
Convert -211012201022221 (base 3) to base 2.
-101101000001111000110001
What is 10760920 (base 10) in base 16?
a432d8
What is 616545 (base 8) in base 6?
4213021
Convert -55152113 (base 6) to base 9.
-3081180
What is -1011110101011110011 (base 2) in base 9?
-650888
Convert 1051d12 (base 14) to base 13.
17a705a
-15541004 (base 7) to base 12
-607492
What is -c7476 (base 16) in base 13?
-2276b2
-110001120100 (base 3) to base 5
-30043324
336006 (base 8) to base 4
123300012
What is 210234411 (base 5) in base 13?
245195
-10302633 (base 10) to base 5
-10114141013
Convert -2046622 (base 8) t